1
In base 5, what is 32114 + 224?
32343
In base 8, what is -134 + -3372?
-3526
In base 12, what is 8aba8 + -4?
8aba4
In base 4, what is 31002 + 1030?
32032
In base 13, what is -697 + -48?
-712
In base 7, what is 66345 - -26?
66404
In base 4, what is -23333 + -300?
-30233
In base 2, what is -100 + -1011000000111001?
-1011000000111101
In base 15, what is 0 - e565?
-e565
In base 7, what is 2241 - -343?
2614
In base 2, what is 11 + 1110110001000?
1110110001011
In base 6, what is 23 + 2244?
2311
In base 6, what is 40212 + 140?
40352
In base 15, what is 93 + -16b?
-c8
In base 8, what is -2 + -652536?
-652540
In base 4, what is 33312 + -212202?
-112230
In base 12, what is -4 - -176296?
176292
In base 2, what is 101011110010101 + 110110?
101011111001011
In base 11, what is 3773 + -8a?
3694
In base 7, what is -244306 + 12?
-244264
In base 12, what is -3 - 12190?
-12193
In base 15, what is 0 + 1463?
1463
In base 7, what is 620321 + -5?
620313
In base 2, what is -1001101011101 + -100?
-1001101100001
In base 9, what is -1 - 11402?
-11403
In base 5, what is 114210031 + 24?
114210110
In base 4, what is -331213130 + 1?
-331213123
In base 8, what is 150 + 2726?
3076
In base 6, what is -14124 + -43?
-14211
In base 13, what is -1 + 2178cc?
2178cb
In base 12, what is -2333 - -4?
-232b
In base 10, what is -18 - -6187?
6169
In base 11, what is -a0 - -578?
488
In base 13, what is -5 - -a870b?
a8706
In base 6, what is -15 - -102534?
102515
In base 3, what is -12 - -122011210011?
122011202222
In base 3, what is -2000111101 + 12?
-2000111012
In base 2, what is -1010010101 + 1?
-1010010100
In base 5, what is 12043041 + 0?
12043041
In base 10, what is 62952 + -4?
62948
In base 8, what is 74 - 563?
-467
In base 9, what is 4 - -124275?
124280
In base 4, what is -122311110 - -22?
-122311022
In base 12, what is -69 + -538?
-5a5
In base 2, what is -101010111 + 101100100?
1101
In base 7, what is 2323143 + 11?
2323154
In base 4, what is 11 - -2221033?
2221110
In base 9, what is -11717 + -7?
-11725
In base 10, what is 5 + -17740?
-17735
In base 2, what is 111 - -101110111110100110?
101110111110101101
In base 16, what is -9dfa + 4?
-9df6
In base 15, what is 1e556 - -3?
1e559
In base 7, what is -24055 - 14?
-24102
In base 16, what is 3 - 1f3b?
-1f38
In base 5, what is 0 - 33303?
-33303
In base 10, what is 62 - -16013?
16075
In base 10, what is -7596 + 3?
-7593
In base 6, what is 102 - -331?
433
In base 7, what is 4 + -61313?
-61306
In base 7, what is -1 - -134402?
134401
In base 3, what is -100221 + 202211?
101220
In base 5, what is -224134342 - -1?
-224134341
In base 13, what is 4 - 7a64b?
-7a647
In base 3, what is 111022 + 1121222?
2010021
In base 4, what is -11031203 - 10?
-11031213
In base 12, what is 20947 + -1?
20946
In base 14, what is -3c05 - 30?
-3c35
In base 11, what is 1124 + 41?
1165
In base 10, what is -38 - -407?
369
In base 10, what is -9 - 64525?
-64534
In base 8, what is -5 + 126232?
126225
In base 7, what is 6122152 + 3?
6122155
In base 14, what is 3bc71 - -8?
3bc79
In base 8, what is 3 + 36532?
36535
In base 15, what is a - 671?
-666
In base 10, what is -14912 - 55?
-14967
In base 7, what is 103 - 355?
-252
In base 9, what is -7 + -57170?
-57177
In base 13, what is 11c8 - -63?
125b
In base 12, what is 8227 - -64?
828b
In base 11, what is -71 + 2013?
1a52
In base 3, what is 2002201200 - -221?
2002202121
In base 8, what is -35 + -7160?
-7215
In base 11, what is 271 + 5549?
580a
In base 15, what is 177 - 18?
15e
In base 11, what is -624a - 62?
-6301
In base 4, what is 2113313 + 110?
2120023
In base 4, what is 3 - 212130032?
-212130023
In base 2, what is 1010101 - 101001000010110?
-101000111000001
In base 2, what is 101010011110100101 + -111?
101010011110011110
In base 9, what is -1243841 - 2?
-1243843
In base 2, what is 110010100011000 + -1010?
110010100001110
In base 11, what is -20571 - 4a?
-20610
In base 3, what is 0 - 1011211102?
-1011211102
In base 10, what is 3 + -26935?
-26932
In base 9, what is -4 + -10664?
-10668
In base 5, what is 441 - 310?
131
In base 11, what is 24449 - 2?
24447
In base 6, what is 4502555 - -2?
4503001
In base 7, what is -2 - -2031?
2026
In base 14, what is 11c3ac + 5?
11c3b3
In base 2, what is 1001111 + 10110011001?
10111101000
In base 5, what is -1010123 - 0?
-1010123
In base 12, what is 0 - 29503?
-29503
In base 4, what is -10 - -11200232232?
11200232222
In base 5, what is -12414 + -131?
-13100
In base 15, what is 52 - e0?
-8d
In base 7, what is 1404324 + -20?
1404304
In base 13, what is 5b61 - -15?
5b76
In base 8, what is -632212 + -5?
-632217
In base 4, what is -3201210 - 320?
-3202130
In base 11, what is 6 - -304936?
304941
In base 9, what is -73444 - -2?
-73442
In base 6, what is 112 + -1514?
-1402
In base 13, what is 3746 - -4?
374a
In base 7, what is -1436531 - 4?
-1436535
In base 6, what is 101 + -12252?
-12151
In base 13, what is 3 - 30387c?
-303879
In base 10, what is 5832 - 3?
5829
In base 11, what is 29 + -20863?
-20835
In base 10, what is 390 - 286?
104
In base 4, what is -1021 - -1123301?
1122220
In base 2, what is 1001 + -1001001000001?
-1001000111000
In base 14, what is -65355 - -16?
-6533d
In base 13, what is -b960 - b?
-b96b
In base 13, what is 4 - 115a?
-1156
In base 2, what is -10010011010 + 100?
-10010010110
In base 16, what is 241 - -3?
244
In base 2, what is 11 - -10000111001001?
10000111001100
In base 12, what is 11 - -2427?
2438
In base 9, what is -36573 + 18?
-36554
In base 14, what is 3 + -2ac1?
-2abc
In base 12, what is 4 - -69449?
69451
In base 10, what is -2137805 - 0?
-2137805
In base 5, what is -2 + -30432?
-30434
In base 10, what is -232375 + 0?
-232375
In base 14, what is 26 - 11dab?
-11d85
In base 15, what is 25 - -293?
2b8
In base 15, what is 83a + 4d?
888
In base 12, what is -2 - -a487?
a485
In base 16, what is 2 + -2a52?
-2a50
In base 13, what is 1aa58 - 5a?
1a9cb
In base 4, what is -1012 - -20030?
13012
In base 10, what is -8 + 112516?
112508
In base 14, what is -27d - 4a?
-2c9
In base 14, what is -17 + -19a4d?
-19a66
In base 8, what is -20477 - 6?
-20505
In base 16, what is -7 - -28a?
283
In base 2, what is 10 - -1000111110011?
1000111110101
In base 2, what is -100 - -10010110011011101011?
10010110011011100111
In base 6, what is -1 - -42102554?
42102553
In base 2, what is -11000110110 + -11110?
-11001010100
In base 4, what is 3203 - -331021?
1000230
In base 15, what is 3 - 4723?
-4720
In base 10, what is 25790 + 0?
25790
In base 14, what is 62 - -b5cc?
b650
In base 8, what is 62 - 16?
44
In base 7, what is 100 + 32232?
32332
In base 5, what is 20 - -1223323?
1223343
In base 12, what is 327 - -765?
a90
In base 13, what is 51 + -7c4?
-773
In base 4, what is -2020 - 31003?
-33023
In base 3, what is -120 + 1211021200?
1211021010
In base 11, what is -2903 + -2?
-2905
In base 2, what is 101 - 101100011?
-101011110
In base 12, what is 8 + 2910?
2918
In base 5, what is -104323 + -20?
-104343
In base 7, what is -5 - 14020?
-14025
In base 3, what is 10 - 221001100?
-221001020
In base 10, what is -16 - -3985?
3969
In base 11, what is 53935 + -a?
53926
In base 11, what is -12 - -7537?
7525
In base 13, what is 2083a - 1?
20839
In base 2, what is -11111110 - -100000?
-11011110
In base 4, what is -13322030133 + 0?
-13322030133
In base 15, what is 2 + -8361?
-835e
In base 6, what is 245 + -23?
222
In base 16, what is -10b6 + 3?
-10b3
In base 8, what is -27726 - -14?
-27712
In base 2, what is 100011101 + 1000011111001?
1001000010110
In base 3, what is 1000010 - 200101?
22202
In base 11, what is 8 + 357?
364
In base 8, what is -12 - 7313?
-7325
In base 10, what is -3 - 57687?
-57690
In base 13, what is 20 + 334?
354
In base 11, what is 142 - 193?
-51
In base 7, what is 0 - 4306?
-4306
In base 10, what is -1072 - 5?
-1077
In base 5, what is -4214 + -204?
-4423
In base 3, what is -10220121102012 - 11?
-10220121102100
In base 2, what is 101 + -110111100111011111?
-110111100111011010
In base 16, what is 8 + -1affe?
-1aff6
In base 13, what is 28333 + a?
28340
In base 13, what is 28 - 5c?
-34
In base 16, what is -1 - -37a1?
37a0
In base 2, what is -10011110 - 1011100101001?
-1011111000111
In base 10, what is -188426 + 3?
-188423
In base 13, what is 3b415 + 4?
3b419
In base 8, what is -1 + -1651442?
-1651443
In b